alculate the highest common divisor of p and s.
6
Let j(q) = q + 10. Let v be j(-6). Suppose 4*l - 154 = -5*m, -v*m + 0*m + 121 = l. What is the highest common divisor of m and 45?
15
Suppose -p - 135 = 4*p. Let w = p + 62. Calculate the greatest common divisor of w and 7.
7
Suppose 60 = 2*l + 3*b, 3*b - 128 = -4*l + b. Let s = -6 - -10. Let m(o) = 2*o**2 - 5*o - 1. Let u be m(s). Calculate the greatest common factor of l and u.
11
Suppose 10*v - 28*v = -18. Calculate the greatest common factor of 7 and v.
1
Let j = -32 - -65. Calculate the greatest common divisor of j and 22.
11
Suppose 4*p + 31 = -5*t - 4, p = 0. Let y(w) = 3*w**2 + 7*w - 3. Let u be y(t). Let j be 77/4 - 1/4. What is the highest common factor of u and j?
19
Let y be (-4)/(-6) - 656/(-24). Suppose b + 5 = 2*q + y, 0 = q + 2. Calculate the highest common divisor of 19 and b.
19
Let h be 108/(-30)*(-150)/4. What is the greatest common divisor of h and 5?
5
Suppose -s + 6 = 5*s. What is the greatest common divisor of 11 and s?
1
Suppose 256 = 4*s - 0*s. What is the highest common divisor of 48 and s?
16
Suppose -9*p + 4*p = -525. What is the highest common divisor of p and 15?
15
Suppose 3*s = s + 10. Suppose 3*y - s*q = -2*y + 50, 4*y - 13 = -5*q. Calculate the highest common divisor of y and 28.
7
Let a be (-50)/2*(32/(-10) - -2). Calculate the greatest common factor of a and 6.
6
Suppose q + 55 = 5*f, -4*f = -2*q - 30 - 14. Let l = f + -3. What is the highest common factor of l and 8?
8
Let g(c) = c**3 + 5*c**2 + 2*c + 7. Suppose 0 = d - 5*q - 21, 3*d - 3*q + 1 = -d. Let w be g(d). What is the highest common factor of 5 and w?
5
Suppose -4*l + 3 = u, l + 16 = 3*u + 6*l. Let f = u - -5. Let d be 2/4 + 238/4. Calculate the greatest common factor of d and f.
12
Suppose 0 = 2*p - 9 - 19. Let w = 44 - -271. Let a = 469 - w. What is the greatest common divisor of a and p?
14
Let r be 261/(-6)*(-56)/3. Suppose -3*t + r = 5*n, -5*n + 0*t - 2*t = -808. Calculate the greatest common divisor of n and 20.
20
Let u(z) = -z + 17. Let l be u(0). Let c be 1 + (3 - -129) + 3. What is the highest common divisor of l and c?
17
Suppose 2*g = -k, 2*g + 8 = -4*k - 4. Let u be (g/(-4))/((-6)/(-36)). Let h be 62 + 4/(-6)*u. What is the highest common factor of h and 8?
8
Let q(j) = j**3 - j + 20. Let p be q(0). Let g = p - 11. Calculate the highest common factor of g and 18.
9
Let c be (-1)/(-4) + (-42)/(-24). Suppose -c*t - 8 = -3*t. Suppose -2*w - 1 + 9 = 0. What is the highest common factor of t and w?
4
Suppose -o - 325 = 4*o. Let m be o/(-5) - 0/1. Let n be 3*(-3)/((-18)/182). Calculate the highest common factor of n and m.
13
Let j = 4 - 4. Suppose 4*g - 2*k + 306 = -j*k, -3*k - 15 = 0. Let n = g + 115. What is the greatest common divisor of 9 and n?
9
Let w(c) = -c**3 + 3*c**2 + 2*c - 4. Let d be w(3). Suppose h + 32 = 2*v - h, d*v - 4*h = 36. Calculate the greatest common factor of 7 and v.
7
Let f = -13 - -21. Suppose -4 = -l + f. Suppose i = -1, -3*z = -i - 36 - 1. Calculate the highest common factor of l and z.
12
Suppose l = -l, c - 3 = l. Suppose 0 = -j + c, 2*d - 6*d - 4*j + 4 = 0. Let o be 3 - -21*d/(-3). Calculate the greatest common divisor of o and 34.
17
Suppose -4*g = u - 48, 3*u + 64 = g + 3*g. Calculate the highest common divisor of g and 13.
13
Let q(w) be the third derivative of -w**6/120 - w**5/60 + w**4/24 + 15*w**3/2 + 5*w**2. Let i be q(0). What is the greatest common factor of i and 5?
5
Let x = -7 + 2. Let j be (2/(-2))/(x/10). Suppose 4*k + 0 - 8 = 0. Calculate the greatest common factor of j and k.
2
Let b = 16 - 18. Let w be 2 + b - 0 - -77. Calculate the greatest common divisor of 11 and w.
11
Let o be (-8)/(-6)*378/12. Calculate the highest common factor of o and 105.
21
Suppose 0 = 2*h - 59 - 7. Calculate the greatest common factor of 22 and h.
11
Let z(v) = v**2 - v - 18. Let y be z(-4). What is the greatest common factor of 7 and y?
1
Suppose o = t + 57, -5*o = 2*t + t - 309. What is the greatest common factor of 30 and o?
30
Let p(q) = -q + 9. Let g be p(10). Let v be (-3)/(-2 + g)*-1. Let z be (1*v)/(1/(-55)). What is the greatest common divisor of 5 and z?
5
Let z(c) = 60*c**2 - c - 1. Let g be z(-1). What is the highest common divisor of g and 30?
30
Let m be (1/(-2))/(3/(-6)). Let t = m - -7. Suppose 0 = -0*d - 5*d + 40. What is the greatest common factor of t and d?
8
Let h be 63/12 - 3/(-4). Suppose -2*u = -h*u + 48. Calculate the highest common factor of u and 12.
12
Let x be 416/6 + (-5)/15. Suppose m + 4*d = 4*m - x, -m + 23 = -3*d. What is the greatest common divisor of m and 161?
23
Suppose 0 = 4*t - 6*t + 26. Calculate the greatest common divisor of 91 and t.
13
Suppose 3*z + 6 = -0*u - 4*u, 4*z = -3*u - 8. Let a(r) = r + 18. Let h be a(u). What is the greatest common divisor of 45 and h?
9
Let m be 1/(-4 - -3)*-9. What is the highest common factor of 45 and m?
9
Let y(x) = x**3 + 8*x**2 + 7*x + 2. Let s be y(-7). Suppose -s*k + 29 = 3*u, -k - 5*u = -5*k + 3. What is the greatest common divisor of 70 and k?
7
Let q = -7 + 17. Suppose -15 = -4*v + 57. Suppose 2*m + 3*p = -13, 2*m + 0*p + v = -4*p. What is the highest common factor of q and m?
1
Let a(r) = 2*r + 1. Let q be a(1). Suppose 2*v = i - 5 + 1, 0 = q*i - 5*v - 14. What is the highest common divisor of 1 and i?
1
Suppose 5*s = 2*q + q + 8, -12 = -5*s + 2*q. Suppose 0 = 5*w - 2*x - 75, s*w + 4*x = 8*x + 60. Calculate the greatest common factor of 10 and w.
5
Let m(o) = 3*o**2 + 2*o + 3*o + 1 + 2. Let t be m(-3). Let w be t*(0 + 14/3). What is the greatest common divisor of w and 28?
14
Suppose -15 = -3*f - 0*f. What is the greatest common divisor of f and 60?
5
Let c be 16/(-3)*(-144)/32. What is the greatest common divisor of 60 and c?
12
Suppose d - 68 = -5*g, d - 3*g - 2*g = 108. Calculate the highest common factor of d and 22.
22
Suppose -8 = 3*r - 5*r. Suppose 2*l - 23 = l. Suppose 0 = 2*i - 17 - l. Calculate the greatest common factor of r and i.
4
Let j(s) = s**3 + 18*s**2 + 17*s + 21. Let k be j(-17). Let m = k + 14. What is the highest common factor of m and 245?
35
Suppose -g + 1 + 2 = -2*c, -5*c = 0. What is the highest common divisor of g and 30?
3
Let q(i) = -i**2 + 5*i - 3. Let l be q(2). Let u(m) = 9*m**2 - 4 + 5 - m**3 - l*m + 2*m. Let f be u(5). Calculate the highest common divisor of 12 and f.
12
Let b = 6 - 6. Suppose 2*x - 53 = -5*w - b*x, 0 = -2*w - 3*x + 30. Calculate the highest common divisor of w and 36.
9
Let r = 38 - 24. What is the highest common factor of r and 84?
14
Let q = 10 + -6. Let t be 1881/(-6)*q/(-6). Calculate the highest common factor of t and 19.
19
Suppose -3*f + 165 = 45. Calculate the highest common divisor of f and 10.
10
Let l(y) = 10*y**3 - 4*y**2 + 5*y - 3. Let d be l(3). Let q = -99 + d. Calculate the highest common factor of 21 and q.
21
Suppose 0 = 2*l + 5*m + 396, m + 605 = -3*l - m. Let q = -135 - l. Suppose -157 = -5*h + q. Calculate the greatest common divisor of 15 and h.
15
Let y be (-3)/6*(-1 - -1). Suppose y = -0*d - 3*d + 12. Calculate the highest common factor of d and 36.
4
Let i = 46 - 75. Let u = 57 + i. Let j = 2 - -12. What is the greatest common factor of u and j?
14
Let n be 46/11 + 2/(-11). Suppose -3*d + n*g = -18, -d + 3 = -2*g - 1. Calculate the greatest common factor of 1 and d.
1
Let s(n) = -n + 26. Let y(i) = -i - 1. Let g(u) = s(u) - 2*y(u). Let z be g(0). Suppose -20 = -r + z. What is the highest common factor of r and 12?
12
Let j = 1 + 1. Suppose -t - j*t = -9. Suppose y - 129 + 43 = 2*i, -223 = -t*y - i. What is the highest common divisor of 19 and y?
19
Let d(h) = h**3 + 3*h**2 - 9*h - 14. Let n be d(-4). Calculate the highest common divisor of 3 and n.
3
Suppose -5*x - 2*o - 3*o - 5 = 0, 4*x + o - 8 = 0. Suppose -2*w + x*w - 4 = 0. Suppose w*i + 0*i - 32 = 0. Calculate the greatest common divisor of 20 and i.
4
Let n be (-76)/(-3) + (-7)/21. Suppose -2*p = -5 - n. Let b be -140*3*(-1)/4. Calculate the highest common factor of p and b.
15
Let a = 11 - -2. Calculate the highest common divisor of a and 39.
13
Let x(o) = -o - 8. Let f be x(-7). Let c = f + -3. Let z = c - -26. What is the highest common factor of 55 and z?
11
Suppose 7*i - 36 = 4*i. Suppose 2*b - 2*t = 6, -b + 4*t = -4*b + 23. Suppose -x = -b*